{"id":266,"date":"2025-09-01T20:46:56","date_gmt":"2025-09-01T20:46:56","guid":{"rendered":"https:\/\/www.nrp-aventures.com\/?page_id=266"},"modified":"2026-01-25T16:00:18","modified_gmt":"2026-01-25T16:00:18","slug":"nous-soutenir-nous-contacter","status":"publish","type":"page","link":"https:\/\/www.nrp-aventures.com\/index.php\/nous-soutenir-nous-contacter\/","title":{"rendered":"Nous sponsoriser &#8211; contact"},"content":{"rendered":"\t\t<div data-elementor-type=\"wp-page\" data-elementor-id=\"266\" class=\"elementor elementor-266\">\n\t\t\t\t<div class=\"elementor-element elementor-element-0ddc840 e-flex e-con-boxed e-con e-parent\" data-id=\"0ddc840\" data-element_type=\"container\">\n\t\t\t\t\t<div class=\"e-con-inner\">\n\t\t\t\t<div class=\"elementor-element elementor-element-5854625 elementor-widget elementor-widget-image\" data-id=\"5854625\" data-element_type=\"widget\" data-widget_type=\"image.default\">\n\t\t\t\t\t\t\t\t\t\t\t\t\t\t\t<img fetchpriority=\"high\" decoding=\"async\" width=\"525\" height=\"300\" src=\"https:\/\/www.nrp-aventures.com\/wp-content\/uploads\/2026\/01\/photo-nous-contacter-768x439.jpg\" class=\"attachment-medium_large size-medium_large wp-image-1873\" alt=\"\" srcset=\"https:\/\/www.nrp-aventures.com\/wp-content\/uploads\/2026\/01\/photo-nous-contacter-768x439.jpg 768w, https:\/\/www.nrp-aventures.com\/wp-content\/uploads\/2026\/01\/photo-nous-contacter-300x171.jpg 300w, https:\/\/www.nrp-aventures.com\/wp-content\/uploads\/2026\/01\/photo-nous-contacter-1024x585.jpg 1024w, https:\/\/www.nrp-aventures.com\/wp-content\/uploads\/2026\/01\/photo-nous-contacter-1536x877.jpg 1536w, https:\/\/www.nrp-aventures.com\/wp-content\/uploads\/2026\/01\/photo-nous-contacter.jpg 1646w\" sizes=\"100vw\" \/>\t\t\t\t\t\t\t\t\t\t\t\t\t\t\t<\/div>\n\t\t\t\t<div class=\"elementor-element elementor-element-47240e8 elementor-widget elementor-widget-heading\" data-id=\"47240e8\" data-element_type=\"widget\" data-widget_type=\"heading.default\">\n\t\t\t\t\t<h2 class=\"elementor-heading-title elementor-size-default\">Embarquez avec nous dans cette aventure en choisissant votre emplacement :<\/h2>\t\t\t\t<\/div>\n\t\t\t\t\t<\/div>\n\t\t\t\t<\/div>\n\t\t<div class=\"elementor-element elementor-element-ba8a276 e-flex e-con-boxed e-con e-parent\" data-id=\"ba8a276\" data-element_type=\"container\">\n\t\t\t\t\t<div class=\"e-con-inner\">\n\t\t\t\t<div class=\"elementor-element elementor-element-7431a9d elementor-widget elementor-widget-text-editor\" data-id=\"7431a9d\" data-element_type=\"widget\" data-widget_type=\"text-editor.default\">\n\t\t\t\t\t\t\t\t\t<p>Notre \u00e9quipage se pr\u00e9pare \u00e0 prendre le d\u00e9part du 4L Trophy, un rallye mythique m\u00ealant d\u00e9passement de soi, solidarit\u00e9 et esprit d\u2019\u00e9quipe. Pour r\u00e9aliser ce projet en, nous invitons les entreprises \u00e0 embarquer avec nous en pla\u00e7ant leur logo sur notre 4L !<\/p><p>Le visuel ci-dessous pr\u00e9sente les diff\u00e9rents emplacements publicitaires disponibles. Chaque encart repr\u00e9sente une opportunit\u00e9 unique de mettre votre marque en avant durant toute l\u2019\u00e9preuve : sur les routes, dans le d\u00e9sert, dans les m\u00e9dias, et au c\u0153ur de nos communications.<\/p><p><strong>Pourquoi devenir partenaire ?<\/strong><\/p><ul><li>Une visibilit\u00e9 forte tout au long de l\u2019aventure, en France, en Espagne comme au Maroc<\/li><li>Une pr\u00e9sence sur un v\u00e9hicule embl\u00e9matique suivi par des milliers de personnes<\/li><li>Une communication positive autour d\u2019un projet solidaire au profit des enfants marocains<\/li><li>Un moyen original et fort de soutenir une \u00e9quipe motiv\u00e9e \u00e0 relever le d\u00e9fi !<\/li><li><span style=\"color: #ff0000;\">Vous profitez d&rsquo;un <strong>abattement de votre imp\u00f4t de 60% gr\u00e2ce au Cerfa<\/strong> que l&rsquo;on fournira<\/span><\/li><\/ul>\t\t\t\t\t\t\t\t<\/div>\n\t\t\t\t\t<\/div>\n\t\t\t\t<\/div>\n\t\t<div class=\"elementor-element elementor-element-f73c1cb e-flex e-con-boxed e-con e-parent\" data-id=\"f73c1cb\" data-element_type=\"container\">\n\t\t\t\t\t<div class=\"e-con-inner\">\n\t\t\t\t<div class=\"elementor-element elementor-element-007a362 elementor-widget elementor-widget-image\" data-id=\"007a362\" data-element_type=\"widget\" data-widget_type=\"image.default\">\n\t\t\t\t\t\t\t\t\t\t\t\t\t\t\t<img decoding=\"async\" width=\"1536\" height=\"1024\" src=\"https:\/\/www.nrp-aventures.com\/wp-content\/uploads\/2026\/01\/visuel-voiture-sponsors.jpg\" class=\"attachment-full size-full wp-image-1882\" alt=\"\" srcset=\"https:\/\/www.nrp-aventures.com\/wp-content\/uploads\/2026\/01\/visuel-voiture-sponsors.jpg 1536w, https:\/\/www.nrp-aventures.com\/wp-content\/uploads\/2026\/01\/visuel-voiture-sponsors-300x200.jpg 300w, https:\/\/www.nrp-aventures.com\/wp-content\/uploads\/2026\/01\/visuel-voiture-sponsors-1024x683.jpg 1024w, https:\/\/www.nrp-aventures.com\/wp-content\/uploads\/2026\/01\/visuel-voiture-sponsors-768x512.jpg 768w\" sizes=\"100vw\" \/>\t\t\t\t\t\t\t\t\t\t\t\t\t\t\t<\/div>\n\t\t\t\t\t<\/div>\n\t\t\t\t<\/div>\n\t\t<div class=\"elementor-element elementor-element-6a36731 e-flex e-con-boxed e-con e-parent\" data-id=\"6a36731\" data-element_type=\"container\">\n\t\t\t\t\t<div class=\"e-con-inner\">\n\t\t\t\t<div class=\"elementor-element elementor-element-3824b21 elementor-widget elementor-widget-text-editor\" data-id=\"3824b21\" data-element_type=\"widget\" data-widget_type=\"text-editor.default\">\n\t\t\t\t\t\t\t\t\t<p>Pour nous accompagner jusqu\u2019\u00e0 la ligne de d\u00e9part, nous proposons plusieurs packs de sponsoring qui s\u2019adaptent \u00e0 tous les budgets et offrent une visibilit\u00e9 adapt\u00e9e \u00e0 vos besoins.<\/p><p>Que vous souhaitiez simplement soutenir notre \u00e9quipage ou afficher fi\u00e8rement votre logo sur notre 4L, chaque contribution compte et nous rapproche du d\u00e9sert marocain !<\/p>\t\t\t\t\t\t\t\t<\/div>\n\t\t\t\t\t<\/div>\n\t\t\t\t<\/div>\n\t\t<div class=\"elementor-element elementor-element-4975feb e-flex e-con-boxed e-con e-parent\" data-id=\"4975feb\" data-element_type=\"container\">\n\t\t\t\t\t<div class=\"e-con-inner\">\n\t\t<div class=\"elementor-element elementor-element-23805e5 e-con-full e-flex e-con e-child\" data-id=\"23805e5\" data-element_type=\"container\">\n\t\t\t\t<div class=\"elementor-element elementor-element-1bbbd30 elementor-widget__width-initial elementor-widget elementor-widget-text-editor\" data-id=\"1bbbd30\" data-element_type=\"widget\" data-widget_type=\"text-editor.default\">\n\t\t\t\t\t\t\t\t\t<h3><strong>D\u00e9couvrez ci-dessous nos diff\u00e9rents packs :<\/strong><\/h3><ul><li><strong>Pack Ami du Raid \u2013 200 \u20ac :<\/strong> votre entreprise b\u00e9n\u00e9ficie d\u2019une mise en avant sur nos r\u00e9seaux sociaux.<\/li><li><strong>Pack Bronze \u2013 400 \u20ac<\/strong> : visibilit\u00e9 sur nos r\u00e9seaux + logo appos\u00e9 sur la voiture et\u00a0fiche partenaire sur notre site web et lien vers votre site.<\/li><li><strong>Pack Argent \u2013 750 \u20ac<\/strong> : tous les avantages du pack bronze avec un meilleur emplacement sur les cot\u00e9s de la voiture.<\/li><li><strong>Pack Or \u2013 1 500 \u20ac<\/strong> : notre pack le plus complet avec votre logo sur la voiture en grand format sur le c\u00f4t\u00e9 et capot et en bonus sur nos v\u00eatements. Nous vous proposons \u00e9galement de vous mettre \u00e0 disposition la voiture pour vos \u00e9venements.<\/li><\/ul>\t\t\t\t\t\t\t\t<\/div>\n\t\t\t\t<\/div>\n\t\t<div class=\"elementor-element elementor-element-1084baf e-con-full e-flex e-con e-child\" data-id=\"1084baf\" data-element_type=\"container\">\n\t\t\t\t<div class=\"elementor-element elementor-element-d625933 elementor-widget__width-initial elementor-widget elementor-widget-image\" data-id=\"d625933\" data-element_type=\"widget\" data-widget_type=\"image.default\">\n\t\t\t\t\t\t\t\t\t\t\t\t\t\t\t<img decoding=\"async\" width=\"2560\" height=\"697\" src=\"https:\/\/www.nrp-aventures.com\/wp-content\/uploads\/2026\/01\/pave-budget-scaled.jpg\" class=\"attachment-full size-full wp-image-1690\" alt=\"\" srcset=\"https:\/\/www.nrp-aventures.com\/wp-content\/uploads\/2026\/01\/pave-budget-scaled.jpg 2560w, https:\/\/www.nrp-aventures.com\/wp-content\/uploads\/2026\/01\/pave-budget-300x82.jpg 300w, https:\/\/www.nrp-aventures.com\/wp-content\/uploads\/2026\/01\/pave-budget-1024x279.jpg 1024w, https:\/\/www.nrp-aventures.com\/wp-content\/uploads\/2026\/01\/pave-budget-768x209.jpg 768w, https:\/\/www.nrp-aventures.com\/wp-content\/uploads\/2026\/01\/pave-budget-1536x418.jpg 1536w, https:\/\/www.nrp-aventures.com\/wp-content\/uploads\/2026\/01\/pave-budget-2048x558.jpg 2048w\" sizes=\"100vw\" \/>\t\t\t\t\t\t\t\t\t\t\t\t\t\t\t<\/div>\n\t\t\t\t<\/div>\n\t\t\t\t\t<\/div>\n\t\t\t\t<\/div>\n\t\t<div class=\"elementor-element elementor-element-dc7c306 e-flex e-con-boxed e-con e-parent\" data-id=\"dc7c306\" data-element_type=\"container\">\n\t\t\t\t\t<div class=\"e-con-inner\">\n\t\t\t\t<div class=\"elementor-element elementor-element-6e34cd9 elementor-widget elementor-widget-text-editor\" data-id=\"6e34cd9\" data-element_type=\"widget\" data-widget_type=\"text-editor.default\">\n\t\t\t\t\t\t\t\t\t<h4><strong>Chaque niveau de partenariat vous permet de participer \u00e0 une aventure humaine, sportive et solidaire tout en mettant en valeur votre marque aupr\u00e8s d\u2019un large public.<\/strong><\/h4><p><span style=\"color: var( --e-global-color-text ); font-family: var( --e-global-typography-text-font-family ), Sans-serif; font-weight: var( --e-global-typography-text-font-weight ); text-align: var(--text-align); font-size: 1rem;\">Envie de rejoindre l\u2019aventure et de faire roulez notre 4L dans le sable Marocain ?<\/span><\/p><p>Nous serons ravis d\u2019\u00e9changer avec vous pour choisir l\u2019emplacement le plus appropri\u00e9 pour votre logo sur notre 4L et vous proposer le pack le mieux adapt\u00e9 \u00e0 vos objectifs.<\/p><p><span style=\"color: #ff0000;\"><img decoding=\"async\" class=\"emoji\" role=\"img\" draggable=\"false\" src=\"https:\/\/s.w.org\/images\/core\/emoji\/17.0.2\/svg\/1f4e9.svg\" alt=\"\ud83d\udce9\" \/> Contactez-nous d\u00e8s maintenant : <strong><a style=\"color: #ff0000;\" href=\"mailto:contact@nrp-aventures.com\">contact@nrp-aventures.com<\/a><\/strong><\/span><\/p><p><span style=\"color: #ff0000;\"><span style=\"font-size: 1rem;\">Ou appelez nous au num\u00e9ros suivants : Secteur <\/span><strong style=\"font-size: 1rem;\">Orl\u00e9ans aupr\u00e8s de Nathan au 06 03 28 01 85<\/strong><span style=\"font-size: 1rem;\"> ou Secteur <\/span><strong style=\"font-size: 1rem;\">Le Mans aupr\u00e8s de Romain au 06 20 06 17 92<\/strong><\/span><\/p>\t\t\t\t\t\t\t\t<\/div>\n\t\t\t\t\t<\/div>\n\t\t\t\t<\/div>\n\t\t<div class=\"elementor-element elementor-element-4837a74 e-flex e-con-boxed e-con e-parent\" data-id=\"4837a74\" data-element_type=\"container\">\n\t\t\t\t\t<div class=\"e-con-inner\">\n\t\t\t\t<div class=\"elementor-element elementor-element-4ebbd84 elementor-widget elementor-widget-text-editor\" data-id=\"4ebbd84\" data-element_type=\"widget\" data-widget_type=\"text-editor.default\">\n\t\t\t\t\t\t\t\t\t<p><strong>Vous pouvez en cliquant sur le bouton \u00ab\u00a0faire un don\u00a0\u00bb acc\u00e9der directement \u00e0 notre page Helloasso<\/strong> pour vous permettre de verser en ligne le montant de votre choix correspondant au pack souhaitez :<\/p>\t\t\t\t\t\t\t\t<\/div>\n\t\t\t\t\t<\/div>\n\t\t\t\t<\/div>\n\t\t<div class=\"elementor-element elementor-element-f9eb5d9 e-flex e-con-boxed e-con e-parent\" data-id=\"f9eb5d9\" data-element_type=\"container\">\n\t\t\t\t\t<div class=\"e-con-inner\">\n\t\t\t\t<div class=\"elementor-element elementor-element-1302d4d elementor-widget elementor-widget-html\" data-id=\"1302d4d\" data-element_type=\"widget\" data-widget_type=\"html.default\">\n\t\t\t\t\t<iframe id=\"haWidgetButton\" allowtransparency=\"true\" src=\"https:\/\/www.helloasso.com\/associations\/nrp-aventures\/formulaires\/1\/widget-bouton\" style=\"width: 100%; height: 70px; border: none;\"><\/iframe>\t\t\t\t<\/div>\n\t\t\t\t\t<\/div>\n\t\t\t\t<\/div>\n\t\t\t\t<\/div>\n\t\t","protected":false},"excerpt":{"rendered":"<p>Embarquez avec nous dans cette aventure en choisissant votre emplacement : Notre \u00e9quipage se pr\u00e9pare \u00e0 prendre le d\u00e9part du 4L Trophy, un rallye mythique m\u00ealant d\u00e9passement de soi, solidarit\u00e9 et esprit d\u2019\u00e9quipe. Pour r\u00e9aliser ce projet en, nous invitons les entreprises \u00e0 embarquer avec nous en pla\u00e7ant leur logo sur notre 4L ! Le &hellip; <\/p>\n<p class=\"link-more\"><a href=\"https:\/\/www.nrp-aventures.com\/index.php\/nous-soutenir-nous-contacter\/\" class=\"more-link\">Continuer la lecture<span class=\"screen-reader-text\"> de &laquo;&nbsp;Nous sponsoriser &#8211; contact&nbsp;&raquo;<\/span><\/a><\/p>\n","protected":false},"author":1,"featured_media":0,"parent":0,"menu_order":0,"comment_status":"closed","ping_status":"closed","template":"elementor_header_footer","meta":{"footnotes":""},"class_list":["post-266","page","type-page","status-publish","hentry"],"_links":{"self":[{"href":"https:\/\/www.nrp-aventures.com\/index.php\/wp-json\/wp\/v2\/pages\/266","targetHints":{"allow":["GET"]}}],"collection":[{"href":"https:\/\/www.nrp-aventures.com\/index.php\/wp-json\/wp\/v2\/pages"}],"about":[{"href":"https:\/\/www.nrp-aventures.com\/index.php\/wp-json\/wp\/v2\/types\/page"}],"author":[{"embeddable":true,"href":"https:\/\/www.nrp-aventures.com\/index.php\/wp-json\/wp\/v2\/users\/1"}],"replies":[{"embeddable":true,"href":"https:\/\/www.nrp-aventures.com\/index.php\/wp-json\/wp\/v2\/comments?post=266"}],"version-history":[{"count":215,"href":"https:\/\/www.nrp-aventures.com\/index.php\/wp-json\/wp\/v2\/pages\/266\/revisions"}],"predecessor-version":[{"id":1910,"href":"https:\/\/www.nrp-aventures.com\/index.php\/wp-json\/wp\/v2\/pages\/266\/revisions\/1910"}],"wp:attachment":[{"href":"https:\/\/www.nrp-aventures.com\/index.php\/wp-json\/wp\/v2\/media?parent=266"}],"curies":[{"name":"wp","href":"https:\/\/api.w.org\/{rel}","templated":true}]}}