{"id":264,"date":"2025-09-01T20:46:56","date_gmt":"2025-09-01T20:46:56","guid":{"rendered":"https:\/\/www.nrp-aventures.com\/?page_id=264"},"modified":"2026-03-22T20:31:34","modified_gmt":"2026-03-22T20:31:34","slug":"nos-partenaires","status":"publish","type":"page","link":"https:\/\/www.nrp-aventures.com\/index.php\/nos-partenaires\/","title":{"rendered":"Nos partenaires"},"content":{"rendered":"\t\t<div data-elementor-type=\"wp-page\" data-elementor-id=\"264\" class=\"elementor elementor-264\">\n\t\t\t\t<div class=\"elementor-element elementor-element-ef86654 e-flex e-con-boxed e-con e-parent\" data-id=\"ef86654\" data-element_type=\"container\">\n\t\t\t\t\t<div class=\"e-con-inner\">\n\t\t\t\t<div class=\"elementor-element elementor-element-babcecb elementor-widget elementor-widget-image\" data-id=\"babcecb\" data-element_type=\"widget\" data-widget_type=\"image.default\">\n\t\t\t\t\t\t\t\t\t\t\t\t\t\t\t<img fetchpriority=\"high\" decoding=\"async\" width=\"1500\" height=\"500\" src=\"https:\/\/www.nrp-aventures.com\/wp-content\/uploads\/2025\/09\/BANDEAU-contact.jpg\" class=\"attachment-full size-full wp-image-775\" alt=\"\" srcset=\"https:\/\/www.nrp-aventures.com\/wp-content\/uploads\/2025\/09\/BANDEAU-contact.jpg 1500w, https:\/\/www.nrp-aventures.com\/wp-content\/uploads\/2025\/09\/BANDEAU-contact-300x100.jpg 300w, https:\/\/www.nrp-aventures.com\/wp-content\/uploads\/2025\/09\/BANDEAU-contact-1024x341.jpg 1024w, https:\/\/www.nrp-aventures.com\/wp-content\/uploads\/2025\/09\/BANDEAU-contact-768x256.jpg 768w\" sizes=\"100vw\" \/>\t\t\t\t\t\t\t\t\t\t\t\t\t\t\t<\/div>\n\t\t\t\t\t<\/div>\n\t\t\t\t<\/div>\n\t\t<div class=\"elementor-element elementor-element-1e822b3 e-flex e-con-boxed e-con e-parent\" data-id=\"1e822b3\" data-element_type=\"container\">\n\t\t\t\t\t<div class=\"e-con-inner\">\n\t\t\t\t<div class=\"elementor-element elementor-element-4c77407 elementor-widget elementor-widget-heading\" data-id=\"4c77407\" data-element_type=\"widget\" data-widget_type=\"heading.default\">\n\t\t\t\t\t<h2 class=\"elementor-heading-title elementor-size-default\">Voici la liste ainsi que la pr\u00e9sentation de nos Partenaires techniques et Sponsors :<\/h2>\t\t\t\t<\/div>\n\t\t\t\t<div class=\"elementor-element elementor-element-1ab47fe elementor-widget elementor-widget-spacer\" data-id=\"1ab47fe\" data-element_type=\"widget\" data-widget_type=\"spacer.default\">\n\t\t\t\t\t\t\t<div class=\"elementor-spacer\">\n\t\t\t<div class=\"elementor-spacer-inner\"><\/div>\n\t\t<\/div>\n\t\t\t\t\t\t<\/div>\n\t\t\t\t\t<\/div>\n\t\t\t\t<\/div>\n\t\t<div class=\"elementor-element elementor-element-3f76447 e-grid e-con-boxed e-con e-parent\" data-id=\"3f76447\" data-element_type=\"container\">\n\t\t\t\t\t<div class=\"e-con-inner\">\n\t\t\t\t<div class=\"elementor-element elementor-element-0591431 elementor-widget elementor-widget-image\" data-id=\"0591431\" data-element_type=\"widget\" data-widget_type=\"image.default\">\n\t\t\t\t\t\t\t\t\t\t\t\t\t\t\t<img decoding=\"async\" width=\"525\" height=\"263\" src=\"https:\/\/www.nrp-aventures.com\/wp-content\/uploads\/2026\/03\/FGTI.jpg\" class=\"attachment-large size-large wp-image-1940\" alt=\"\" srcset=\"https:\/\/www.nrp-aventures.com\/wp-content\/uploads\/2026\/03\/FGTI.jpg 600w, https:\/\/www.nrp-aventures.com\/wp-content\/uploads\/2026\/03\/FGTI-300x150.jpg 300w\" sizes=\"100vw\" \/>\t\t\t\t\t\t\t\t\t\t\t\t\t\t\t<\/div>\n\t\t\t\t<div class=\"elementor-element elementor-element-0efe1e6 elementor-widget elementor-widget-text-editor\" data-id=\"0efe1e6\" data-element_type=\"widget\" data-widget_type=\"text-editor.default\">\n\t\t\t\t\t\t\t\t\t<h3><em><strong>FGTI Distribution\u00a0 (49 800\u00a0 TRELAZE )<\/strong><\/em><\/h3><div dir=\"ltr\"><p dir=\"ltr\">FGTI Distribution est sp\u00e9cialis\u00e9e dans la <b>distribution de solutions techniques pour l\u2019industrie<\/b>, notamment dans les domaines de l\u2019<b>\u00e9tanch\u00e9it\u00e9 haute performance et des syst\u00e8mes de fixation de c\u00e2blage<\/b>. L\u2019entreprise fournit<b>joints, agrafes et composants techniques sur mesure<\/b>\u00a0adapt\u00e9s aux contraintes industrielles. Gr\u00e2ce \u00e0 son expertise et sa r\u00e9activit\u00e9, FGTI Distribution accompagne les industriels avec des <b>solutions fiables et performantes<\/b>\u00a0pour leurs \u00e9quipements.<\/p><\/div><p>D\u00e9couvrez l&rsquo;entreprise\u00a0 en cliquant sur ce lien : https:\/\/fgti-distribution.fr\/<\/p>\t\t\t\t\t\t\t\t<\/div>\n\t\t\t\t\t<\/div>\n\t\t\t\t<\/div>\n\t\t<div class=\"elementor-element elementor-element-a9ebc9f e-grid e-con-boxed e-con e-parent\" data-id=\"a9ebc9f\" data-element_type=\"container\">\n\t\t\t\t\t<div class=\"e-con-inner\">\n\t\t\t\t<div class=\"elementor-element elementor-element-6a4cd8b elementor-widget elementor-widget-image\" data-id=\"6a4cd8b\" data-element_type=\"widget\" data-widget_type=\"image.default\">\n\t\t\t\t\t\t\t\t\t\t\t\t\t\t\t<img decoding=\"async\" width=\"525\" height=\"263\" src=\"https:\/\/www.nrp-aventures.com\/wp-content\/uploads\/2026\/02\/gascoin.jpg\" class=\"attachment-large size-large wp-image-1919\" alt=\"\" srcset=\"https:\/\/www.nrp-aventures.com\/wp-content\/uploads\/2026\/02\/gascoin.jpg 600w, https:\/\/www.nrp-aventures.com\/wp-content\/uploads\/2026\/02\/gascoin-300x150.jpg 300w\" sizes=\"100vw\" \/>\t\t\t\t\t\t\t\t\t\t\t\t\t\t\t<\/div>\n\t\t\t\t<div class=\"elementor-element elementor-element-205735c elementor-widget elementor-widget-text-editor\" data-id=\"205735c\" data-element_type=\"widget\" data-widget_type=\"text-editor.default\">\n\t\t\t\t\t\t\t\t\t<h3><em><strong>CABINET GASCOIN (45115 BASSE-GOULAINES )<\/strong><\/em><\/h3><p>Bas\u00e9 \u00e0 Basse-Goulaine pr\u00e8s de Nantes, le Cabinet Gascoin est sp\u00e9cialis\u00e9 en assurance de personnes et gestion de patrimoine pour les chefs d&rsquo;entreprise, ind\u00e9pendants et particuliers. Nous vous offrons un accompagnement sur-mesure pour optimiser votre protection sociale et votre \u00e9pargne, pr\u00e9parer votre retraite ou structurer la tr\u00e9sorerie de votre entreprise. Guid\u00e9e par des valeurs d&rsquo;\u00e9thique et de bienveillance, notre \u00e9quipe s&rsquo;engage \u00e0 vos c\u00f4t\u00e9s pour b\u00e2tir avec vous des strat\u00e9gies patrimoniales p\u00e9rennes et adapt\u00e9es \u00e0 vos objectifs<\/p><p>D\u00e9couvrez l&rsquo;entreprise\u00a0 en cliquant sur ce lien<a href=\"https:\/\/cabinetgascoin.com\/\" target=\"_blank\" rel=\"noopener\"> :\u00a0https:\/\/cabinetgascoin.com\/<\/a><\/p>\t\t\t\t\t\t\t\t<\/div>\n\t\t\t\t\t<\/div>\n\t\t\t\t<\/div>\n\t\t<div class=\"elementor-element elementor-element-4147072 e-grid e-con-boxed e-con e-parent\" data-id=\"4147072\" data-element_type=\"container\">\n\t\t\t\t\t<div class=\"e-con-inner\">\n\t\t\t\t<div class=\"elementor-element elementor-element-8eecdcc elementor-widget elementor-widget-image\" data-id=\"8eecdcc\" data-element_type=\"widget\" data-widget_type=\"image.default\">\n\t\t\t\t\t\t\t\t\t\t\t\t\t\t\t<img loading=\"lazy\" decoding=\"async\" width=\"525\" height=\"263\" src=\"https:\/\/www.nrp-aventures.com\/wp-content\/uploads\/2026\/02\/sovigro.jpg\" class=\"attachment-large size-large wp-image-1912\" alt=\"\" srcset=\"https:\/\/www.nrp-aventures.com\/wp-content\/uploads\/2026\/02\/sovigro.jpg 600w, https:\/\/www.nrp-aventures.com\/wp-content\/uploads\/2026\/02\/sovigro-300x150.jpg 300w\" sizes=\"100vw\" \/>\t\t\t\t\t\t\t\t\t\t\t\t\t\t\t<\/div>\n\t\t\t\t<div class=\"elementor-element elementor-element-0d50b98 elementor-widget elementor-widget-text-editor\" data-id=\"0d50b98\" data-element_type=\"widget\" data-widget_type=\"text-editor.default\">\n\t\t\t\t\t\t\t\t\t<h3><em><strong>SOVIGRO ( 37540 SAINT-CYR-SUR-LOIRE)<\/strong><\/em><\/h3><p>SOVIGRO accompagne les professionnels de l\u2019agroalimentaire avec des formations sur-mesure. Historiquement sp\u00e9cialis\u00e9 dans les techniques de travail des viandes, l\u2019organisme propose \u00e9galement des formations sur l\u2019hygi\u00e8ne, la s\u00e9curit\u00e9 alimentaire et la pr\u00e9vention des risques au travail. Nos formateurs experts interviennent partout en France, pour d\u00e9velopper les comp\u00e9tences des \u00e9quipes directement sur le terrain.<\/p><p>D\u00e9couvrez l&rsquo;entreprise\u00a0 en cliquant sur ce lien :\u00a0 <a href=\"https:\/\/www.sovigro.fr\/\" target=\"_blank\" rel=\"noopener\">https:\/\/www.sovigro.fr\/<\/a><\/p>\t\t\t\t\t\t\t\t<\/div>\n\t\t\t\t\t<\/div>\n\t\t\t\t<\/div>\n\t\t<div class=\"elementor-element elementor-element-7eecd1d e-grid e-con-boxed e-con e-parent\" data-id=\"7eecd1d\" data-element_type=\"container\">\n\t\t\t\t\t<div class=\"e-con-inner\">\n\t\t\t\t<div class=\"elementor-element elementor-element-4dba2fd elementor-widget elementor-widget-image\" data-id=\"4dba2fd\" data-element_type=\"widget\" data-widget_type=\"image.default\">\n\t\t\t\t\t\t\t\t\t\t\t\t\t\t\t<img loading=\"lazy\" decoding=\"async\" width=\"525\" height=\"263\" src=\"https:\/\/www.nrp-aventures.com\/wp-content\/uploads\/2026\/01\/valembal-3.jpg\" class=\"attachment-large size-large wp-image-1865\" alt=\"\" srcset=\"https:\/\/www.nrp-aventures.com\/wp-content\/uploads\/2026\/01\/valembal-3.jpg 600w, https:\/\/www.nrp-aventures.com\/wp-content\/uploads\/2026\/01\/valembal-3-300x150.jpg 300w\" sizes=\"100vw\" \/>\t\t\t\t\t\t\t\t\t\t\t\t\t\t\t<\/div>\n\t\t\t\t<div class=\"elementor-element elementor-element-65735ea elementor-widget elementor-widget-text-editor\" data-id=\"65735ea\" data-element_type=\"widget\" data-widget_type=\"text-editor.default\">\n\t\t\t\t\t\t\t\t\t<h3><em><strong>VALEMBAL (45075 ORLEANS )<\/strong><\/em><\/h3><div dir=\"auto\">VALEMBAL, fond\u00e9e en 1979 dans la r\u00e9gion orl\u00e9anaise, est sp\u00e9cialis\u00e9e dans la fabrication d\u2019emballages souples \u00e0 usage industriel, et seul fabricant fran\u00e7ais de sacs et pochettes isothermes. L\u2019entreprise s\u2019est notamment impos\u00e9e comme un acteur majeur de l\u2019emballage propre pour le secteur pharma-m\u00e9dical.<\/div><div dir=\"auto\">\u00a0<\/div><div dir=\"auto\">Pr\u00e9sente en France et \u00e0 l\u2019international, VALEMBAL place l\u2019humain, la croissance durable et la satisfaction client au c\u0153ur de son d\u00e9veloppement, en proposant des solutions sur mesure alliant produits et services.<\/div><div dir=\"auto\">\u00a0<\/div><p>D\u00e9couvrez l&rsquo;entreprise\u00a0 en cliquant sur ce lien :\u00a0\u00a0<a href=\"https:\/\/www.valembal.fr\/\" target=\"_blank\" rel=\"noopener\">https:\/\/www.valembal.fr\/<\/a><\/p>\t\t\t\t\t\t\t\t<\/div>\n\t\t\t\t\t<\/div>\n\t\t\t\t<\/div>\n\t\t<div class=\"elementor-element elementor-element-3aa4352 e-grid e-con-boxed e-con e-parent\" data-id=\"3aa4352\" data-element_type=\"container\">\n\t\t\t\t\t<div class=\"e-con-inner\">\n\t\t\t\t<div class=\"elementor-element elementor-element-f0c6ee7 elementor-widget elementor-widget-image\" data-id=\"f0c6ee7\" data-element_type=\"widget\" data-widget_type=\"image.default\">\n\t\t\t\t\t\t\t\t\t\t\t\t\t\t\t<img loading=\"lazy\" decoding=\"async\" width=\"525\" height=\"263\" src=\"https:\/\/www.nrp-aventures.com\/wp-content\/uploads\/2026\/01\/image-la-maison-des-lunettes.jpg\" class=\"attachment-large size-large wp-image-1728\" alt=\"\" srcset=\"https:\/\/www.nrp-aventures.com\/wp-content\/uploads\/2026\/01\/image-la-maison-des-lunettes.jpg 600w, https:\/\/www.nrp-aventures.com\/wp-content\/uploads\/2026\/01\/image-la-maison-des-lunettes-300x150.jpg 300w\" sizes=\"100vw\" \/>\t\t\t\t\t\t\t\t\t\t\t\t\t\t\t<\/div>\n\t\t\t\t<div class=\"elementor-element elementor-element-613581a elementor-widget elementor-widget-text-editor\" data-id=\"613581a\" data-element_type=\"widget\" data-widget_type=\"text-editor.default\">\n\t\t\t\t\t\t\t\t\t<h3><em><strong>La MAISON Des LUNETTES (72560 CHANGE)<\/strong><\/em><\/h3><p data-start=\"342\" data-end=\"661\">Nous vous proposons un <strong data-start=\"401\" data-end=\"449\">large choix de lunettes optiques et solaires<\/strong>, s\u00e9lectionn\u00e9es pour r\u00e9pondre \u00e0 tous les styles et \u00e0 tous les budgets. <strong>Collections de cr\u00e9ateurs,<\/strong> mod\u00e8les <strong>tendances<\/strong> ou <strong>grandes marques<\/strong> et <strong>made in France<\/strong> afin que chacun trouve la monture qui lui ressemble.<\/p><p data-start=\"663\" data-end=\"869\">Parce que chaque regard est unique, nous vous accompagnons avec <strong data-start=\"727\" data-end=\"790\">\u00e9coute, conseils personnalis\u00e9s et expertise professionnelle<\/strong>, afin de vous offrir une solution visuelle parfaitement adapt\u00e9e \u00e0 vos besoins.<\/p><p>D\u00e9couvrez le magasin en cliquant sur ce lien : <a href=\"https:\/\/lamaisondeslunettes.fr\/\" target=\"_blank\" rel=\"noopener\">https:\/\/lamaisondeslunettes.fr<\/a><\/p>\t\t\t\t\t\t\t\t<\/div>\n\t\t\t\t\t<\/div>\n\t\t\t\t<\/div>\n\t\t<div class=\"elementor-element elementor-element-35babf8 e-grid e-con-boxed e-con e-parent\" data-id=\"35babf8\" data-element_type=\"container\">\n\t\t\t\t\t<div class=\"e-con-inner\">\n\t\t\t\t<div class=\"elementor-element elementor-element-11952b5 elementor-widget elementor-widget-image\" data-id=\"11952b5\" data-element_type=\"widget\" data-widget_type=\"image.default\">\n\t\t\t\t\t\t\t\t\t\t\t\t\t\t\t<img loading=\"lazy\" decoding=\"async\" width=\"525\" height=\"263\" src=\"https:\/\/www.nrp-aventures.com\/wp-content\/uploads\/2025\/09\/image-garage.jpg\" class=\"attachment-large size-large wp-image-765\" alt=\"\" srcset=\"https:\/\/www.nrp-aventures.com\/wp-content\/uploads\/2025\/09\/image-garage.jpg 600w, https:\/\/www.nrp-aventures.com\/wp-content\/uploads\/2025\/09\/image-garage-300x150.jpg 300w\" sizes=\"100vw\" \/>\t\t\t\t\t\t\t\t\t\t\t\t\t\t\t<\/div>\n\t\t\t\t<div class=\"elementor-element elementor-element-a2bcf7c elementor-widget elementor-widget-text-editor\" data-id=\"a2bcf7c\" data-element_type=\"widget\" data-widget_type=\"text-editor.default\">\n\t\t\t\t\t\t\t\t\t<h3><em><strong>Garage et Carrosserie AD VERNEREY (72250 PARIGN\u00c9 L&rsquo;EVEQUE)<\/strong><\/em><\/h3><p>Le Garage Vernerey, situ\u00e9 \u00e0 Parign\u00e9-l\u2019\u00c9v\u00eaque pr\u00e8s du Mans, est un Garage et Carrosserie AD cr\u00e9\u00e9 en 1996.<\/p><p>Laur\u00e9at de l\u2019\u00e9tude AUTO PLUS en 2023, il fait partie des 800 meilleurs garages de France pour 2023, 2024 et 2025<\/p><p>Une \u00e9quipe qualifi\u00e9e de 11 collaborateurs vous accueille dans un atelier moderne, \u00e9quip\u00e9 pour la m\u00e9canique, la carrosserie, la climatisation, les pneus et la restauration de v\u00e9hicules de collection.<\/p><p>D\u00e9couvrez le garage en cliquant sur ce lien : <a href=\"https:\/\/garage-vernerey.com\/\" target=\"_blank\" rel=\"noopener\">https:\/\/garage-vernerey.com\/<\/a><\/p>\t\t\t\t\t\t\t\t<\/div>\n\t\t\t\t\t<\/div>\n\t\t\t\t<\/div>\n\t\t<div class=\"elementor-element elementor-element-0c93407 e-grid e-con-boxed e-con e-parent\" data-id=\"0c93407\" data-element_type=\"container\">\n\t\t\t\t\t<div class=\"e-con-inner\">\n\t\t\t\t<div class=\"elementor-element elementor-element-9d6a194 elementor-widget elementor-widget-image\" data-id=\"9d6a194\" data-element_type=\"widget\" data-widget_type=\"image.default\">\n\t\t\t\t\t\t\t\t\t\t\t\t\t\t\t<img loading=\"lazy\" decoding=\"async\" width=\"525\" height=\"263\" src=\"https:\/\/www.nrp-aventures.com\/wp-content\/uploads\/2025\/09\/BIENTOT-VOTRE-ENTRPRISE.jpg\" class=\"attachment-large size-large wp-image-827\" alt=\"\" srcset=\"https:\/\/www.nrp-aventures.com\/wp-content\/uploads\/2025\/09\/BIENTOT-VOTRE-ENTRPRISE.jpg 600w, https:\/\/www.nrp-aventures.com\/wp-content\/uploads\/2025\/09\/BIENTOT-VOTRE-ENTRPRISE-300x150.jpg 300w\" sizes=\"100vw\" \/>\t\t\t\t\t\t\t\t\t\t\t\t\t\t\t<\/div>\n\t\t\t\t<div class=\"elementor-element elementor-element-81bf62b elementor-widget elementor-widget-text-editor\" data-id=\"81bf62b\" data-element_type=\"widget\" data-widget_type=\"text-editor.default\">\n\t\t\t\t\t\t\t\t\t<h3><strong><em>N&rsquo;h\u00e9sitez pas et venez nous retrouver <\/em><\/strong><strong><em>dans cette aventure sportive et humanitaire.<\/em><\/strong><\/h3>\t\t\t\t\t\t\t\t<\/div>\n\t\t\t\t\t<\/div>\n\t\t\t\t<\/div>\n\t\t<div class=\"elementor-element elementor-element-db3264a e-flex e-con-boxed e-con e-parent\" data-id=\"db3264a\" data-element_type=\"container\">\n\t\t\t\t\t<div class=\"e-con-inner\">\n\t\t\t\t<div class=\"elementor-element elementor-element-bd19cfb elementor-widget elementor-widget-spacer\" data-id=\"bd19cfb\" data-element_type=\"widget\" data-widget_type=\"spacer.default\">\n\t\t\t\t\t\t\t<div class=\"elementor-spacer\">\n\t\t\t<div class=\"elementor-spacer-inner\"><\/div>\n\t\t<\/div>\n\t\t\t\t\t\t<\/div>\n\t\t\t\t\t<\/div>\n\t\t\t\t<\/div>\n\t\t\t\t<\/div>\n\t\t","protected":false},"excerpt":{"rendered":"<p>Voici la liste ainsi que la pr\u00e9sentation de nos Partenaires techniques et Sponsors : FGTI Distribution\u00a0 (49 800\u00a0 TRELAZE ) FGTI Distribution est sp\u00e9cialis\u00e9e dans la distribution de solutions techniques pour l\u2019industrie, notamment dans les domaines de l\u2019\u00e9tanch\u00e9it\u00e9 haute performance et des syst\u00e8mes de fixation de c\u00e2blage. L\u2019entreprise fournitjoints, agrafes et composants techniques sur mesure\u00a0adapt\u00e9s &hellip; <\/p>\n<p class=\"link-more\"><a href=\"https:\/\/www.nrp-aventures.com\/index.php\/nos-partenaires\/\" class=\"more-link\">Continuer la lecture<span class=\"screen-reader-text\"> de &laquo;&nbsp;Nos partenaires&nbsp;&raquo;<\/span><\/a><\/p>\n","protected":false},"author":1,"featured_media":0,"parent":0,"menu_order":0,"comment_status":"closed","ping_status":"closed","template":"elementor_header_footer","meta":{"footnotes":""},"class_list":["post-264","page","type-page","status-publish","hentry"],"_links":{"self":[{"href":"https:\/\/www.nrp-aventures.com\/index.php\/wp-json\/wp\/v2\/pages\/264","targetHints":{"allow":["GET"]}}],"collection":[{"href":"https:\/\/www.nrp-aventures.com\/index.php\/wp-json\/wp\/v2\/pages"}],"about":[{"href":"https:\/\/www.nrp-aventures.com\/index.php\/wp-json\/wp\/v2\/types\/page"}],"author":[{"embeddable":true,"href":"https:\/\/www.nrp-aventures.com\/index.php\/wp-json\/wp\/v2\/users\/1"}],"replies":[{"embeddable":true,"href":"https:\/\/www.nrp-aventures.com\/index.php\/wp-json\/wp\/v2\/comments?post=264"}],"version-history":[{"count":118,"href":"https:\/\/www.nrp-aventures.com\/index.php\/wp-json\/wp\/v2\/pages\/264\/revisions"}],"predecessor-version":[{"id":1949,"href":"https:\/\/www.nrp-aventures.com\/index.php\/wp-json\/wp\/v2\/pages\/264\/revisions\/1949"}],"wp:attachment":[{"href":"https:\/\/www.nrp-aventures.com\/index.php\/wp-json\/wp\/v2\/media?parent=264"}],"curies":[{"name":"wp","href":"https:\/\/api.w.org\/{rel}","templated":true}]}}