{"id":110,"date":"2025-08-28T19:48:45","date_gmt":"2025-08-28T19:48:45","guid":{"rendered":"http:\/\/www.nrp-aventures.com\/?page_id=110"},"modified":"2026-01-25T15:58:48","modified_gmt":"2026-01-25T15:58:48","slug":"accueil","status":"publish","type":"page","link":"https:\/\/www.nrp-aventures.com\/","title":{"rendered":"Accueil"},"content":{"rendered":"\t\t<div data-elementor-type=\"wp-page\" data-elementor-id=\"110\" class=\"elementor elementor-110\">\n\t\t\t\t<div class=\"elementor-element elementor-element-d281a6f e-flex e-con-boxed e-con e-parent\" data-id=\"d281a6f\" data-element_type=\"container\">\n\t\t\t\t\t<div class=\"e-con-inner\">\n\t\t\t\t<div class=\"elementor-element elementor-element-abef5ca elementor-widget elementor-widget-heading\" data-id=\"abef5ca\" data-element_type=\"widget\" data-widget_type=\"heading.default\">\n\t\t\t\t\t<h2 class=\"elementor-heading-title elementor-size-default\">Notre projet :<\/h2>\t\t\t\t<\/div>\n\t\t\t\t\t<\/div>\n\t\t\t\t<\/div>\n\t\t<div class=\"elementor-element elementor-element-7cba7fb e-flex e-con-boxed e-con e-parent\" data-id=\"7cba7fb\" data-element_type=\"container\">\n\t\t\t\t\t<div class=\"e-con-inner\">\n\t\t<div class=\"elementor-element elementor-element-1842d3f e-con-full e-flex e-con e-child\" data-id=\"1842d3f\" data-element_type=\"container\">\n\t\t\t\t<div class=\"elementor-element elementor-element-f1370f4 elementor-widget elementor-widget-image\" data-id=\"f1370f4\" data-element_type=\"widget\" data-widget_type=\"image.default\">\n\t\t\t\t\t\t\t\t\t\t\t\t\t\t\t<img fetchpriority=\"high\" decoding=\"async\" width=\"525\" height=\"277\" src=\"https:\/\/www.nrp-aventures.com\/wp-content\/uploads\/2025\/09\/maquette-voiture-PROJET.jpg\" class=\"attachment-large size-large wp-image-868\" alt=\"\" srcset=\"https:\/\/www.nrp-aventures.com\/wp-content\/uploads\/2025\/09\/maquette-voiture-PROJET.jpg 944w, https:\/\/www.nrp-aventures.com\/wp-content\/uploads\/2025\/09\/maquette-voiture-PROJET-300x158.jpg 300w, https:\/\/www.nrp-aventures.com\/wp-content\/uploads\/2025\/09\/maquette-voiture-PROJET-768x405.jpg 768w\" sizes=\"100vw\" \/>\t\t\t\t\t\t\t\t\t\t\t\t\t\t\t<\/div>\n\t\t\t\t<\/div>\n\t\t<div class=\"elementor-element elementor-element-ddf6457 e-con-full e-flex e-con e-child\" data-id=\"ddf6457\" data-element_type=\"container\">\n\t\t\t\t<div class=\"elementor-element elementor-element-be41bc8 elementor-widget elementor-widget-text-editor\" data-id=\"be41bc8\" data-element_type=\"widget\" data-widget_type=\"text-editor.default\">\n\t\t\t\t\t\t\t\t\t<p>Deux cousins, une 4L, un r\u00eave : participer au 4L Trophy 2027.<\/p><p>Nous sommes deux fr\u00e8res et un cousin passionn\u00e9s qui avons d\u00e9cid\u00e9 de relever le d\u00e9fi du 4L Trophy. Dans cette section, nous vous pr\u00e9sentons notre aventure humaine, nos motivations et nos objectifs. Vous d\u00e9couvrirez comment ce projet s\u2019inscrit dans notre parcours personnel et professionnel, avec l\u2019envie de devenir ing\u00e9nieurs et de vivre une exp\u00e9rience unique.<\/p>\t\t\t\t\t\t\t\t<\/div>\n\t\t\t\t<div class=\"elementor-element elementor-element-9481668 elementor-align-center elementor-widget elementor-widget-button\" data-id=\"9481668\" data-element_type=\"widget\" data-widget_type=\"button.default\">\n\t\t\t\t\t\t\t\t\t\t<a class=\"elementor-button elementor-button-link elementor-size-sm\" href=\"https:\/\/www.nrp-aventures.com\/index.php\/notre-projet\/\">\n\t\t\t\t\t\t<span class=\"elementor-button-content-wrapper\">\n\t\t\t\t\t\t\t\t\t<span class=\"elementor-button-text\">Lire la suite<\/span>\n\t\t\t\t\t<\/span>\n\t\t\t\t\t<\/a>\n\t\t\t\t\t\t\t\t<\/div>\n\t\t\t\t<\/div>\n\t\t\t\t\t<\/div>\n\t\t\t\t<\/div>\n\t\t<div class=\"elementor-element elementor-element-ed72199 e-flex e-con-boxed e-con e-parent\" data-id=\"ed72199\" data-element_type=\"container\">\n\t\t\t\t\t<div class=\"e-con-inner\">\n\t\t\t\t<div class=\"elementor-element elementor-element-144b242 elementor-widget elementor-widget-heading\" data-id=\"144b242\" data-element_type=\"widget\" data-widget_type=\"heading.default\">\n\t\t\t\t\t<h2 class=\"elementor-heading-title elementor-size-default\">Notre parrain pour cette aventure :<\/h2>\t\t\t\t<\/div>\n\t\t\t\t\t<\/div>\n\t\t\t\t<\/div>\n\t\t<div class=\"elementor-element elementor-element-638f5b5 e-flex e-con-boxed e-con e-parent\" data-id=\"638f5b5\" data-element_type=\"container\">\n\t\t\t\t\t<div class=\"e-con-inner\">\n\t\t<div class=\"elementor-element elementor-element-e0a3815 e-con-full e-flex e-con e-child\" data-id=\"e0a3815\" data-element_type=\"container\">\n\t\t\t\t<div class=\"elementor-element elementor-element-1d36793 elementor-widget elementor-widget-image\" data-id=\"1d36793\" data-element_type=\"widget\" data-widget_type=\"image.default\">\n\t\t\t\t\t\t\t\t\t\t\t\t\t\t\t<img decoding=\"async\" width=\"525\" height=\"316\" src=\"https:\/\/www.nrp-aventures.com\/wp-content\/uploads\/2025\/12\/IMG_6348-copie-1024x616.jpg\" class=\"attachment-large size-large wp-image-1234\" alt=\"\" srcset=\"https:\/\/www.nrp-aventures.com\/wp-content\/uploads\/2025\/12\/IMG_6348-copie-1024x616.jpg 1024w, https:\/\/www.nrp-aventures.com\/wp-content\/uploads\/2025\/12\/IMG_6348-copie-300x180.jpg 300w, https:\/\/www.nrp-aventures.com\/wp-content\/uploads\/2025\/12\/IMG_6348-copie-768x462.jpg 768w, https:\/\/www.nrp-aventures.com\/wp-content\/uploads\/2025\/12\/IMG_6348-copie.jpg 1179w\" sizes=\"100vw\" \/>\t\t\t\t\t\t\t\t\t\t\t\t\t\t\t<\/div>\n\t\t\t\t<\/div>\n\t\t<div class=\"elementor-element elementor-element-840e68f e-con-full e-flex e-con e-child\" data-id=\"840e68f\" data-element_type=\"container\">\n\t\t\t\t<div class=\"elementor-element elementor-element-8b2f802 elementor-widget elementor-widget-text-editor\" data-id=\"8b2f802\" data-element_type=\"widget\" data-widget_type=\"text-editor.default\">\n\t\t\t\t\t\t\t\t\t<p>Qui de mieux qu&rsquo;un ancien vainqueur du Dakar 2006 et pilote usine Mitsubishi pour nous parainer et nous conseiller&#8230;.<\/p><p>Ancien champion de ski alpin en descente, vainqueur du Dakar 2006 et pilote des 24 Heures du Mans au sein de son \u00e9quipe Luc Alphand Aventures, Luc Alphand incarne le d\u00e9passement de soi et l\u2019esprit d\u2019aventure.<\/p><p>D\u00e9couvrez son parcours exceptionnel.<\/p>\t\t\t\t\t\t\t\t<\/div>\n\t\t\t\t<div class=\"elementor-element elementor-element-9cea352 elementor-align-center elementor-widget elementor-widget-button\" data-id=\"9cea352\" data-element_type=\"widget\" data-widget_type=\"button.default\">\n\t\t\t\t\t\t\t\t\t\t<a class=\"elementor-button elementor-button-link elementor-size-sm\" href=\"https:\/\/www.nrp-aventures.com\/index.php\/notre-projet\/\">\n\t\t\t\t\t\t<span class=\"elementor-button-content-wrapper\">\n\t\t\t\t\t\t\t\t\t<span class=\"elementor-button-text\">Lire la suite<\/span>\n\t\t\t\t\t<\/span>\n\t\t\t\t\t<\/a>\n\t\t\t\t\t\t\t\t<\/div>\n\t\t\t\t<\/div>\n\t\t\t\t\t<\/div>\n\t\t\t\t<\/div>\n\t\t<div class=\"elementor-element elementor-element-fdada78 e-flex e-con-boxed e-con e-parent\" data-id=\"fdada78\" data-element_type=\"container\">\n\t\t\t\t\t<div class=\"e-con-inner\">\n\t\t\t\t<div class=\"elementor-element elementor-element-46992f6 elementor-widget elementor-widget-heading\" data-id=\"46992f6\" data-element_type=\"widget\" data-widget_type=\"heading.default\">\n\t\t\t\t\t<h2 class=\"elementor-heading-title elementor-size-default\">L'aventure 4L TROPHY :<\/h2>\t\t\t\t<\/div>\n\t\t\t\t\t<\/div>\n\t\t\t\t<\/div>\n\t\t<div class=\"elementor-element elementor-element-15a906b e-flex e-con-boxed e-con e-parent\" data-id=\"15a906b\" data-element_type=\"container\">\n\t\t\t\t\t<div class=\"e-con-inner\">\n\t\t<div class=\"elementor-element elementor-element-5bb5a0a e-con-full e-flex e-con e-child\" data-id=\"5bb5a0a\" data-element_type=\"container\">\n\t\t\t\t<div class=\"elementor-element elementor-element-0490b15 elementor-widget elementor-widget-image\" data-id=\"0490b15\" data-element_type=\"widget\" data-widget_type=\"image.default\">\n\t\t\t\t\t\t\t\t\t\t\t\t\t\t\t<img decoding=\"async\" width=\"525\" height=\"315\" src=\"https:\/\/www.nrp-aventures.com\/wp-content\/uploads\/2025\/09\/4l-trophy-cap-sur-marrakech-2-1024x615.jpeg\" class=\"attachment-large size-large wp-image-356\" alt=\"\" srcset=\"https:\/\/www.nrp-aventures.com\/wp-content\/uploads\/2025\/09\/4l-trophy-cap-sur-marrakech-2-1024x615.jpeg 1024w, https:\/\/www.nrp-aventures.com\/wp-content\/uploads\/2025\/09\/4l-trophy-cap-sur-marrakech-2-300x180.jpeg 300w, https:\/\/www.nrp-aventures.com\/wp-content\/uploads\/2025\/09\/4l-trophy-cap-sur-marrakech-2-768x461.jpeg 768w, https:\/\/www.nrp-aventures.com\/wp-content\/uploads\/2025\/09\/4l-trophy-cap-sur-marrakech-2.jpeg 1400w\" sizes=\"100vw\" \/>\t\t\t\t\t\t\t\t\t\t\t\t\t\t\t<\/div>\n\t\t\t\t<\/div>\n\t\t<div class=\"elementor-element elementor-element-4add4c0 e-con-full e-flex e-con e-child\" data-id=\"4add4c0\" data-element_type=\"container\">\n\t\t\t\t<div class=\"elementor-element elementor-element-38961b0 elementor-widget elementor-widget-text-editor\" data-id=\"38961b0\" data-element_type=\"widget\" data-widget_type=\"text-editor.default\">\n\t\t\t\t\t\t\t\t\t<p>Cap sur Marrakech avec notre Renault 4L !<\/p><p>Le 4L Trophy, c\u2019est plus qu\u2019un simple raid : c\u2019est une aventure sportive, solidaire et humaine. Vous y trouverez toutes les informations sur le parcours de pr\u00e8s de 6 000 km, la solidarit\u00e9 avec l\u2019association Enfants du D\u00e9sert et l\u2019esprit d\u2019entraide qui unit les participants. Nous vous expliquons pourquoi cette aventure correspond \u00e0 nos valeurs et pourquoi nous voulons en faire partie.<\/p>\t\t\t\t\t\t\t\t<\/div>\n\t\t\t\t<div class=\"elementor-element elementor-element-93f6d07 elementor-align-center elementor-widget elementor-widget-button\" data-id=\"93f6d07\" data-element_type=\"widget\" data-widget_type=\"button.default\">\n\t\t\t\t\t\t\t\t\t\t<a class=\"elementor-button elementor-button-link elementor-size-sm\" href=\"https:\/\/www.nrp-aventures.com\/index.php\/laventure-4l-trophy\/\">\n\t\t\t\t\t\t<span class=\"elementor-button-content-wrapper\">\n\t\t\t\t\t\t\t\t\t<span class=\"elementor-button-text\">Lire la suite<\/span>\n\t\t\t\t\t<\/span>\n\t\t\t\t\t<\/a>\n\t\t\t\t\t\t\t\t<\/div>\n\t\t\t\t<\/div>\n\t\t\t\t\t<\/div>\n\t\t\t\t<\/div>\n\t\t<div class=\"elementor-element elementor-element-b94a8d7 e-flex e-con-boxed e-con e-parent\" data-id=\"b94a8d7\" data-element_type=\"container\">\n\t\t\t\t\t<div class=\"e-con-inner\">\n\t\t\t\t<div class=\"elementor-element elementor-element-2ad58cc elementor-widget elementor-widget-heading\" data-id=\"2ad58cc\" data-element_type=\"widget\" data-widget_type=\"heading.default\">\n\t\t\t\t\t<h2 class=\"elementor-heading-title elementor-size-default\">La pr\u00e9paration de notre 4L :<\/h2>\t\t\t\t<\/div>\n\t\t\t\t\t<\/div>\n\t\t\t\t<\/div>\n\t\t<div class=\"elementor-element elementor-element-24a140b e-flex e-con-boxed e-con e-parent\" data-id=\"24a140b\" data-element_type=\"container\">\n\t\t\t\t\t<div class=\"e-con-inner\">\n\t\t<div class=\"elementor-element elementor-element-7784a96 e-con-full e-flex e-con e-child\" data-id=\"7784a96\" data-element_type=\"container\">\n\t\t\t\t<div class=\"elementor-element elementor-element-92d4ee5 elementor-widget elementor-widget-image\" data-id=\"92d4ee5\" data-element_type=\"widget\" data-widget_type=\"image.default\">\n\t\t\t\t\t\t\t\t\t\t\t\t\t\t\t<img loading=\"lazy\" decoding=\"async\" width=\"525\" height=\"337\" src=\"https:\/\/www.nrp-aventures.com\/wp-content\/uploads\/2025\/09\/reparation-4L-trophy-e1757257984288.webp\" class=\"attachment-large size-large wp-image-371\" alt=\"\" srcset=\"https:\/\/www.nrp-aventures.com\/wp-content\/uploads\/2025\/09\/reparation-4L-trophy-e1757257984288.webp 1024w, https:\/\/www.nrp-aventures.com\/wp-content\/uploads\/2025\/09\/reparation-4L-trophy-e1757257984288-300x192.webp 300w, https:\/\/www.nrp-aventures.com\/wp-content\/uploads\/2025\/09\/reparation-4L-trophy-e1757257984288-768x493.webp 768w\" sizes=\"100vw\" \/>\t\t\t\t\t\t\t\t\t\t\t\t\t\t\t<\/div>\n\t\t\t\t<\/div>\n\t\t<div class=\"elementor-element elementor-element-1a87ba9 e-con-full e-flex e-con e-child\" data-id=\"1a87ba9\" data-element_type=\"container\">\n\t\t<div class=\"elementor-element elementor-element-6e296a0 e-con-full e-flex e-con e-child\" data-id=\"6e296a0\" data-element_type=\"container\">\n\t\t\t\t<div class=\"elementor-element elementor-element-83a8a73 elementor-widget elementor-widget-text-editor\" data-id=\"83a8a73\" data-element_type=\"widget\" data-widget_type=\"text-editor.default\">\n\t\t\t\t\t\t\t\t\t<p>Notre d\u00e9fi : pr\u00e9parer notre 4L pour le 4L Trophy 2027.<\/p><p>Nous avons d\u00e9j\u00e0 acquis notre Renault 4L, que nous allons restaurer et transformer dans le garage familial. Dans cette page, vous suivrez pas \u00e0 pas les \u00e9tapes de la pr\u00e9paration : m\u00e9canique, \u00e9lectricit\u00e9, carrosserie et am\u00e9nagements n\u00e9cessaires pour affronter le d\u00e9sert. Nous partagerons avec vous nos r\u00e9ussites, nos gal\u00e8res et notre progression.<\/p>\t\t\t\t\t\t\t\t<\/div>\n\t\t\t\t<\/div>\n\t\t<div class=\"elementor-element elementor-element-5c3f845 e-con-full e-flex e-con e-child\" data-id=\"5c3f845\" data-element_type=\"container\">\n\t\t\t\t<div class=\"elementor-element elementor-element-1227046 elementor-align-center elementor-widget elementor-widget-button\" data-id=\"1227046\" data-element_type=\"widget\" data-widget_type=\"button.default\">\n\t\t\t\t\t\t\t\t\t\t<a class=\"elementor-button elementor-button-link elementor-size-sm\" href=\"https:\/\/www.nrp-aventures.com\/index.php\/la-preparation-de-notre-4l\/\">\n\t\t\t\t\t\t<span class=\"elementor-button-content-wrapper\">\n\t\t\t\t\t\t\t\t\t<span class=\"elementor-button-text\">Lire la suite<\/span>\n\t\t\t\t\t<\/span>\n\t\t\t\t\t<\/a>\n\t\t\t\t\t\t\t\t<\/div>\n\t\t\t\t<\/div>\n\t\t\t\t<\/div>\n\t\t\t\t\t<\/div>\n\t\t\t\t<\/div>\n\t\t<div class=\"elementor-element elementor-element-021551d e-flex e-con-boxed e-con e-parent\" data-id=\"021551d\" data-element_type=\"container\">\n\t\t\t\t\t<div class=\"e-con-inner\">\n\t\t\t\t<div class=\"elementor-element elementor-element-85b530d elementor-widget elementor-widget-heading\" data-id=\"85b530d\" data-element_type=\"widget\" data-widget_type=\"heading.default\">\n\t\t\t\t\t<h2 class=\"elementor-heading-title elementor-size-default\">Nos partenaires :<\/h2>\t\t\t\t<\/div>\n\t\t\t\t\t<\/div>\n\t\t\t\t<\/div>\n\t\t<div class=\"elementor-element elementor-element-108e520 e-flex e-con-boxed e-con e-parent\" data-id=\"108e520\" data-element_type=\"container\">\n\t\t\t\t\t<div class=\"e-con-inner\">\n\t\t<div class=\"elementor-element elementor-element-14cf5a6 e-con-full e-flex e-con e-child\" data-id=\"14cf5a6\" data-element_type=\"container\">\n\t\t\t\t<div class=\"elementor-element elementor-element-c265dc1 elementor-widget elementor-widget-image\" data-id=\"c265dc1\" data-element_type=\"widget\" data-widget_type=\"image.default\">\n\t\t\t\t\t\t\t\t\t\t\t\t\t\t\t<img loading=\"lazy\" decoding=\"async\" width=\"525\" height=\"263\" src=\"https:\/\/www.nrp-aventures.com\/wp-content\/uploads\/2025\/09\/social_network_partenaires-1024x512.webp\" class=\"attachment-large size-large wp-image-387\" alt=\"\" srcset=\"https:\/\/www.nrp-aventures.com\/wp-content\/uploads\/2025\/09\/social_network_partenaires-1024x512.webp 1024w, https:\/\/www.nrp-aventures.com\/wp-content\/uploads\/2025\/09\/social_network_partenaires-300x150.webp 300w, https:\/\/www.nrp-aventures.com\/wp-content\/uploads\/2025\/09\/social_network_partenaires-768x384.webp 768w, https:\/\/www.nrp-aventures.com\/wp-content\/uploads\/2025\/09\/social_network_partenaires.webp 1200w\" sizes=\"100vw\" \/>\t\t\t\t\t\t\t\t\t\t\t\t\t\t\t<\/div>\n\t\t\t\t<\/div>\n\t\t<div class=\"elementor-element elementor-element-d451fba e-con-full e-flex e-con e-child\" data-id=\"d451fba\" data-element_type=\"container\">\n\t\t<div class=\"elementor-element elementor-element-eeca6e5 e-con-full e-flex e-con e-child\" data-id=\"eeca6e5\" data-element_type=\"container\">\n\t\t\t\t<div class=\"elementor-element elementor-element-1c5e8c5 elementor-widget elementor-widget-text-editor\" data-id=\"1c5e8c5\" data-element_type=\"widget\" data-widget_type=\"text-editor.default\">\n\t\t\t\t\t\t\t\t\t<p><br \/>Ils rendent ce projet possible et partagent nos valeurs.<\/p><p>Aucune aventure n\u2019existe sans soutien ! Ici, nous mettons en avant les entreprises, associations et personnes qui nous accompagnent. Vous d\u00e9couvrirez qui ils sont, pourquoi ils nous soutiennent et comment leur engagement contribue directement \u00e0 la r\u00e9ussite du projet. Cette page est aussi un espace de remerciements, car chaque partenaire fait partie de l\u2019aventure.<\/p>\t\t\t\t\t\t\t\t<\/div>\n\t\t\t\t<\/div>\n\t\t<div class=\"elementor-element elementor-element-c363f9f e-con-full e-flex e-con e-child\" data-id=\"c363f9f\" data-element_type=\"container\">\n\t\t\t\t<div class=\"elementor-element elementor-element-9b8272a elementor-align-center elementor-widget elementor-widget-button\" data-id=\"9b8272a\" data-element_type=\"widget\" data-widget_type=\"button.default\">\n\t\t\t\t\t\t\t\t\t\t<a class=\"elementor-button elementor-button-link elementor-size-sm\" href=\"https:\/\/www.nrp-aventures.com\/index.php\/nos-partenaires\/\">\n\t\t\t\t\t\t<span class=\"elementor-button-content-wrapper\">\n\t\t\t\t\t\t\t\t\t<span class=\"elementor-button-text\">Lire la suite<\/span>\n\t\t\t\t\t<\/span>\n\t\t\t\t\t<\/a>\n\t\t\t\t\t\t\t\t<\/div>\n\t\t\t\t<\/div>\n\t\t\t\t<\/div>\n\t\t\t\t\t<\/div>\n\t\t\t\t<\/div>\n\t\t<div class=\"elementor-element elementor-element-279f499 e-flex e-con-boxed e-con e-parent\" data-id=\"279f499\" data-element_type=\"container\">\n\t\t\t\t\t<div class=\"e-con-inner\">\n\t\t\t\t<div class=\"elementor-element elementor-element-2523c4a elementor-widget elementor-widget-heading\" data-id=\"2523c4a\" data-element_type=\"widget\" data-widget_type=\"heading.default\">\n\t\t\t\t\t<h2 class=\"elementor-heading-title elementor-size-default\">Faire un don via Helloasso :<\/h2>\t\t\t\t<\/div>\n\t\t\t\t\t<\/div>\n\t\t\t\t<\/div>\n\t\t<div class=\"elementor-element elementor-element-56c522a e-flex e-con-boxed e-con e-parent\" data-id=\"56c522a\" data-element_type=\"container\">\n\t\t\t\t\t<div class=\"e-con-inner\">\n\t\t<div class=\"elementor-element elementor-element-fff1a41 e-con-full e-flex e-con e-child\" data-id=\"fff1a41\" data-element_type=\"container\">\n\t\t\t\t<div class=\"elementor-element elementor-element-96b7a67 elementor-widget elementor-widget-image\" data-id=\"96b7a67\" data-element_type=\"widget\" data-widget_type=\"image.default\">\n\t\t\t\t\t\t\t\t\t\t\t\t\t\t\t<img loading=\"lazy\" decoding=\"async\" width=\"525\" height=\"292\" src=\"https:\/\/www.nrp-aventures.com\/wp-content\/uploads\/2025\/12\/captur-ecran-helloasso-1024x570.jpg\" class=\"attachment-large size-large wp-image-1445\" alt=\"\" srcset=\"https:\/\/www.nrp-aventures.com\/wp-content\/uploads\/2025\/12\/captur-ecran-helloasso-1024x570.jpg 1024w, https:\/\/www.nrp-aventures.com\/wp-content\/uploads\/2025\/12\/captur-ecran-helloasso-300x167.jpg 300w, https:\/\/www.nrp-aventures.com\/wp-content\/uploads\/2025\/12\/captur-ecran-helloasso-768x427.jpg 768w, https:\/\/www.nrp-aventures.com\/wp-content\/uploads\/2025\/12\/captur-ecran-helloasso-1536x855.jpg 1536w, https:\/\/www.nrp-aventures.com\/wp-content\/uploads\/2025\/12\/captur-ecran-helloasso-2048x1140.jpg 2048w\" sizes=\"100vw\" \/>\t\t\t\t\t\t\t\t\t\t\t\t\t\t\t<\/div>\n\t\t\t\t<\/div>\n\t\t<div class=\"elementor-element elementor-element-51efa87 e-con-full e-flex e-con e-child\" data-id=\"51efa87\" data-element_type=\"container\">\n\t\t<div class=\"elementor-element elementor-element-237b5fc e-con-full e-flex e-con e-child\" data-id=\"237b5fc\" data-element_type=\"container\">\n\t\t\t\t<div class=\"elementor-element elementor-element-f7eb370 elementor-widget elementor-widget-text-editor\" data-id=\"f7eb370\" data-element_type=\"widget\" data-widget_type=\"text-editor.default\">\n\t\t\t\t\t\t\t\t\t<p>Vous souhaitez nous soutenir dans notre aventure du 4L Trophy ?<\/p><p><strong>Cette page est d\u00e9di\u00e9e aux particuliers<\/strong> d\u00e9sireux de participer \u00e0 notre projet.<br data-start=\"224\" data-end=\"227\" data-is-only-node=\"\" \/>Chaque contribution, quelle que soit sa taille, nous rapproche du d\u00e9part.<br data-start=\"302\" data-end=\"305\" \/>Rejoignez l\u2019aventure et soutenez-nous via notre page HelloAsso.<\/p>\t\t\t\t\t\t\t\t<\/div>\n\t\t\t\t<\/div>\n\t\t<div class=\"elementor-element elementor-element-d058020 e-con-full e-flex e-con e-child\" data-id=\"d058020\" data-element_type=\"container\">\n\t\t\t\t<div class=\"elementor-element elementor-element-0acf645 elementor-align-center elementor-widget elementor-widget-button\" data-id=\"0acf645\" data-element_type=\"widget\" data-widget_type=\"button.default\">\n\t\t\t\t\t\t\t\t\t\t<a class=\"elementor-button elementor-button-link elementor-size-sm\" href=\"https:\/\/www.nrp-aventures.com\/index.php\/faire-un-don\/\">\n\t\t\t\t\t\t<span class=\"elementor-button-content-wrapper\">\n\t\t\t\t\t\t\t\t\t<span class=\"elementor-button-text\">Lire la suite<\/span>\n\t\t\t\t\t<\/span>\n\t\t\t\t\t<\/a>\n\t\t\t\t\t\t\t\t<\/div>\n\t\t\t\t<\/div>\n\t\t\t\t<\/div>\n\t\t\t\t\t<\/div>\n\t\t\t\t<\/div>\n\t\t<div class=\"elementor-element elementor-element-7119bcb e-flex e-con-boxed e-con e-parent\" data-id=\"7119bcb\" data-element_type=\"container\">\n\t\t\t\t\t<div class=\"e-con-inner\">\n\t\t\t\t<div class=\"elementor-element elementor-element-ed2629b elementor-widget elementor-widget-heading\" data-id=\"ed2629b\" data-element_type=\"widget\" data-widget_type=\"heading.default\">\n\t\t\t\t\t<h2 class=\"elementor-heading-title elementor-size-default\">Nous soutenir, nous contacter et suivre notre actualit\u00e9 :<\/h2>\t\t\t\t<\/div>\n\t\t\t\t\t<\/div>\n\t\t\t\t<\/div>\n\t\t<div class=\"elementor-element elementor-element-4a13cdc e-flex e-con-boxed e-con e-parent\" data-id=\"4a13cdc\" data-element_type=\"container\">\n\t\t\t\t\t<div class=\"e-con-inner\">\n\t\t<div class=\"elementor-element elementor-element-e1867b9 e-con-full e-flex e-con e-child\" data-id=\"e1867b9\" data-element_type=\"container\">\n\t\t\t\t<div class=\"elementor-element elementor-element-8b2462d elementor-widget elementor-widget-image\" data-id=\"8b2462d\" data-element_type=\"widget\" data-widget_type=\"image.default\">\n\t\t\t\t\t\t\t\t\t\t\t\t\t\t\t<img loading=\"lazy\" decoding=\"async\" width=\"525\" height=\"300\" src=\"https:\/\/www.nrp-aventures.com\/wp-content\/uploads\/2026\/01\/photo-nous-contacter-1024x585.jpg\" class=\"attachment-large size-large wp-image-1873\" alt=\"\" srcset=\"https:\/\/www.nrp-aventures.com\/wp-content\/uploads\/2026\/01\/photo-nous-contacter-1024x585.jpg 1024w, https:\/\/www.nrp-aventures.com\/wp-content\/uploads\/2026\/01\/photo-nous-contacter-300x171.jpg 300w, https:\/\/www.nrp-aventures.com\/wp-content\/uploads\/2026\/01\/photo-nous-contacter-768x439.jpg 768w, https:\/\/www.nrp-aventures.com\/wp-content\/uploads\/2026\/01\/photo-nous-contacter-1536x877.jpg 1536w, https:\/\/www.nrp-aventures.com\/wp-content\/uploads\/2026\/01\/photo-nous-contacter.jpg 1646w\" sizes=\"100vw\" \/>\t\t\t\t\t\t\t\t\t\t\t\t\t\t\t<\/div>\n\t\t\t\t<\/div>\n\t\t<div class=\"elementor-element elementor-element-2d380f0 e-con-full e-flex e-con e-child\" data-id=\"2d380f0\" data-element_type=\"container\">\n\t\t<div class=\"elementor-element elementor-element-c844160 e-con-full e-flex e-con e-child\" data-id=\"c844160\" data-element_type=\"container\">\n\t\t\t\t<div class=\"elementor-element elementor-element-ef4fd66 elementor-widget elementor-widget-text-editor\" data-id=\"ef4fd66\" data-element_type=\"widget\" data-widget_type=\"text-editor.default\">\n\t\t\t\t\t\t\t\t\t<p><strong>Vous avez une entreprise et vous avez envie de rejoindre l\u2019aventure ?<\/strong><\/p><p>Vous souhaitez en savoir plus, <strong>devenir partenaire<\/strong> ou nous aider financi\u00e8rement ?<\/p><p>Nous y pr\u00e9senterons aussi notre solution de sponsoring en ligne, simple et rapide, pour contribuer au projet. Toute aide, petite ou grande, sera une \u00e9tape de plus vers Marrakech !<\/p>\t\t\t\t\t\t\t\t<\/div>\n\t\t\t\t<\/div>\n\t\t<div class=\"elementor-element elementor-element-6219a30 e-con-full e-flex e-con e-child\" data-id=\"6219a30\" data-element_type=\"container\">\n\t\t\t\t<div class=\"elementor-element elementor-element-aba2ffd elementor-align-center elementor-widget elementor-widget-button\" data-id=\"aba2ffd\" data-element_type=\"widget\" data-widget_type=\"button.default\">\n\t\t\t\t\t\t\t\t\t\t<a class=\"elementor-button elementor-button-link elementor-size-sm\" href=\"https:\/\/www.nrp-aventures.com\/index.php\/nous-soutenir-nous-contacter\/\">\n\t\t\t\t\t\t<span class=\"elementor-button-content-wrapper\">\n\t\t\t\t\t\t\t\t\t<span class=\"elementor-button-text\">Lire la suite<\/span>\n\t\t\t\t\t<\/span>\n\t\t\t\t\t<\/a>\n\t\t\t\t\t\t\t\t<\/div>\n\t\t\t\t<\/div>\n\t\t\t\t<\/div>\n\t\t\t\t\t<\/div>\n\t\t\t\t<\/div>\n\t\t<div class=\"elementor-element elementor-element-a4f0586 e-flex e-con-boxed e-con e-parent\" data-id=\"a4f0586\" data-element_type=\"container\">\n\t\t\t\t\t<div class=\"e-con-inner\">\n\t\t\t\t<div class=\"elementor-element elementor-element-f5e2985 elementor-widget elementor-widget-spacer\" data-id=\"f5e2985\" data-element_type=\"widget\" data-widget_type=\"spacer.default\">\n\t\t\t\t\t\t\t<div class=\"elementor-spacer\">\n\t\t\t<div class=\"elementor-spacer-inner\"><\/div>\n\t\t<\/div>\n\t\t\t\t\t\t<\/div>\n\t\t\t\t\t<\/div>\n\t\t\t\t<\/div>\n\t\t\t\t<\/div>\n\t\t","protected":false},"excerpt":{"rendered":"<p>Notre projet : Deux cousins, une 4L, un r\u00eave : participer au 4L Trophy 2027. Nous sommes deux fr\u00e8res et un cousin passionn\u00e9s qui avons d\u00e9cid\u00e9 de relever le d\u00e9fi du 4L Trophy. Dans cette section, nous vous pr\u00e9sentons notre aventure humaine, nos motivations et nos objectifs. Vous d\u00e9couvrirez comment ce projet s\u2019inscrit dans notre &hellip; <\/p>\n<p class=\"link-more\"><a href=\"https:\/\/www.nrp-aventures.com\/\" class=\"more-link\">Continuer la lecture<span class=\"screen-reader-text\"> de &laquo;&nbsp;Accueil&nbsp;&raquo;<\/span><\/a><\/p>\n","protected":false},"author":1,"featured_media":0,"parent":0,"menu_order":0,"comment_status":"closed","ping_status":"closed","template":"elementor_header_footer","meta":{"footnotes":""},"class_list":["post-110","page","type-page","status-publish","hentry"],"_links":{"self":[{"href":"https:\/\/www.nrp-aventures.com\/index.php\/wp-json\/wp\/v2\/pages\/110","targetHints":{"allow":["GET"]}}],"collection":[{"href":"https:\/\/www.nrp-aventures.com\/index.php\/wp-json\/wp\/v2\/pages"}],"about":[{"href":"https:\/\/www.nrp-aventures.com\/index.php\/wp-json\/wp\/v2\/types\/page"}],"author":[{"embeddable":true,"href":"https:\/\/www.nrp-aventures.com\/index.php\/wp-json\/wp\/v2\/users\/1"}],"replies":[{"embeddable":true,"href":"https:\/\/www.nrp-aventures.com\/index.php\/wp-json\/wp\/v2\/comments?post=110"}],"version-history":[{"count":199,"href":"https:\/\/www.nrp-aventures.com\/index.php\/wp-json\/wp\/v2\/pages\/110\/revisions"}],"predecessor-version":[{"id":1907,"href":"https:\/\/www.nrp-aventures.com\/index.php\/wp-json\/wp\/v2\/pages\/110\/revisions\/1907"}],"wp:attachment":[{"href":"https:\/\/www.nrp-aventures.com\/index.php\/wp-json\/wp\/v2\/media?parent=110"}],"curies":[{"name":"wp","href":"https:\/\/api.w.org\/{rel}","templated":true}]}}